{"id":2,"date":"2022-12-09T16:03:33","date_gmt":"2022-12-09T16:03:33","guid":{"rendered":"https:\/\/elektrit.com\/?page_id=2"},"modified":"2024-11-05T13:41:49","modified_gmt":"2024-11-05T13:41:49","slug":"sample-page","status":"publish","type":"page","link":"https:\/\/elektrit.com\/","title":{"rendered":"Sample Page"},"content":{"rendered":"<style>\/*! elementor - v3.19.0 - 07-02-2024 *\/<br \/>\n.elementor-widget-image{text-align:center}.elementor-widget-image a{display:inline-block}.elementor-widget-image a img[src$=\".svg\"]{width:48px}.elementor-widget-image img{vertical-align:middle;display:inline-block}<\/style>\n<p>\t\t\t\t\t\t\t\t\t\t<img decoding=\"async\" src=\"https:\/\/elektrit.com\/wp-content\/uploads\/elementor\/thumbs\/logo-pz4wgt8izsc3zjadqi6vuomm9nag83bwug2gmrm3l8.png\" title=\"logo\" alt=\"logo\" loading=\"lazy\" \/><br \/>\n\t\t\t\t\t\t\t\t\t\t\t\t\t\t<a href=\"https:\/\/www.linkedin.com\/in\/piotr-mazerewicz-b1322262\/\"><br \/>\n\t\t\t\t\t\t\t<img fetchpriority=\"high\" decoding=\"async\" width=\"235\" height=\"300\" src=\"https:\/\/elektrit.com\/wp-content\/uploads\/2023\/03\/pm-235x300.jpg\" alt=\"\" srcset=\"https:\/\/elektrit.com\/wp-content\/uploads\/2023\/03\/pm-235x300.jpg 235w, https:\/\/elektrit.com\/wp-content\/uploads\/2023\/03\/pm.jpg 360w\" sizes=\"(max-width: 235px) 100vw, 235px\" \/>\t\t\t\t\t\t\t\t<\/a><\/p>\n<p>Firma <a href=\"http:\/\/vactica.com\">VACTICA<\/a> oraz <a href=\"http:\/\/elektrit.com\">Elektrit Technologies sp. z o. o.<\/a> zosta\u0142a za\u0142o\u017cona przez Piotra Mazerewicza, absolwenta fizyki technicznej Politechniki Pozna\u0144skiej z wieloletnim do\u015bwiadczeniem technicznym i naukowym. Pomy\u015blnie zrealizowa\u0142 du\u017ce projekty badawczo-techniczne m.in. dla przedsi\u0119biorstwa KGHM Polska Mied\u017a, reaktora j\u0105drowego Maria.\u00a0<\/p>\n<p>Piotr Mazerewicz zrealizowa\u0142 r\u00f3wnie\u017c wiele projekt\u00f3w dla uczelni, instytut\u00f3w i firm z ca\u0142ej Polski, przy wsp\u00f3\u0142pracy z firm\u0105 <a href=\"https:\/\/www.uni-export.com.pl\/\">Uni-Export Instruments Polska<\/a>.\u00a0Obecnie zaanga\u017cowany w modernizacj\u0119 kana\u0142u poziomego reaktora j\u0105drowego Maria oraz uk\u0142adu ruchu detektora FPDS w CERN.<\/p>\n<p>Absolwent <a style=\"background-color: #ffffff; color: #cc3366; font-size: 16px; font-weight: 400; text-align: justify;\" href=\"https:\/\/startup.pfr.pl\/pl\/szkola-pionierow-pfr\/\">Szko\u0142y Pionier\u00f3w PFR.<\/a> W 2023 roku wyr\u00f3\u017cniony odznak\u0105 honorow\u0105 \u201eZa Zas\u0142ugi dla Wynalazczo\u015bci\u201d przyznawan\u0105 przez Prezesa Rady Ministr\u00f3w.\u00a0<\/p>\n<p>\t\t\t\t\t\t\t\t\t\t\t\t\t<img decoding=\"async\" width=\"293\" height=\"49\" src=\"https:\/\/elektrit.com\/wp-content\/uploads\/2023\/03\/kontakt.jpg\" alt=\"\" \/>\t\t\t\t\t\t\t\t\t\t\t\t\t<\/p>\n<style>\/*! elementor - v3.19.0 - 07-02-2024 *\/<br \/>\n.elementor-heading-title{padding:0;margin:0;line-height:1}.elementor-widget-heading .elementor-heading-title[class*=elementor-size-]>a{color:inherit;font-size:inherit;line-height:inherit}.elementor-widget-heading .elementor-heading-title.elementor-size-small{font-size:15px}.elementor-widget-heading .elementor-heading-title.elementor-size-medium{font-size:19px}.elementor-widget-heading .elementor-heading-title.elementor-size-large{font-size:29px}.elementor-widget-heading .elementor-heading-title.elementor-size-xl{font-size:39px}.elementor-widget-heading .elementor-heading-title.elementor-size-xxl{font-size:59px}<\/style>\n<h3>Odwied\u017a r\u00f3wnie\u017c nasze strony:<\/h3>\n<p>\t\t\t\t\t\t\t\t\t\t\t\t\t\t<a href=\"https:\/\/vactica.com\/\"><br \/>\n\t\t\t\t\t\t\t<img decoding=\"async\" src=\"https:\/\/elektrit.com\/wp-content\/uploads\/elementor\/thumbs\/vactica-q3i8qy1ga1397k6f6hume8txzp71ptlewrwvek8nvs.png\" title=\"vactica\" alt=\"vactica\" loading=\"lazy\" \/>\t\t\t\t\t\t\t\t<\/a><br \/>\n\t\t\t\t\t\t\t\t\t\t\t\t\t\t<a href=\"https:\/\/arduinowo.pl\/\"><br \/>\n\t\t\t\t\t\t\t<img decoding=\"async\" width=\"281\" height=\"57\" src=\"https:\/\/elektrit.com\/wp-content\/uploads\/2024\/02\/logo-1.jpg\" alt=\"\" \/>\t\t\t\t\t\t\t\t<\/a><\/p>\n\n\n<p><\/p>\n","protected":false},"excerpt":{"rendered":"<p>Firma VACTICA oraz Elektrit Technologies sp. z o. o. zosta\u0142a za\u0142o\u017cona przez Piotra Mazerewicza, absolwenta fizyki technicznej Politechniki Pozna\u0144skiej z wieloletnim do\u015bwiadczeniem technicznym i naukowym. Pomy\u015blnie zrealizowa\u0142 du\u017ce projekty badawczo-techniczne m.in. dla przedsi\u0119biorstwa KGHM Polska Mied\u017a, reaktora j\u0105drowego Maria.\u00a0 Piotr Mazerewicz zrealizowa\u0142 r\u00f3wnie\u017c wiele projekt\u00f3w dla uczelni, instytut\u00f3w i firm z ca\u0142ej Polski, przy wsp\u00f3\u0142pracy<\/p>\n<div><a class=\"btn-filled btn\" href=\"https:\/\/elektrit.com\/\" title=\"Sample Page\">Dowiedz si\u0119 wi\u0119cej<\/a><\/div>\n","protected":false},"author":1,"featured_media":0,"parent":0,"menu_order":0,"comment_status":"closed","ping_status":"open","template":"elementor_header_footer","meta":{"footnotes":""},"class_list":["post-2","page","type-page","status-publish","hentry"],"_links":{"self":[{"href":"https:\/\/elektrit.com\/index.php?rest_route=\/wp\/v2\/pages\/2","targetHints":{"allow":["GET"]}}],"collection":[{"href":"https:\/\/elektrit.com\/index.php?rest_route=\/wp\/v2\/pages"}],"about":[{"href":"https:\/\/elektrit.com\/index.php?rest_route=\/wp\/v2\/types\/page"}],"author":[{"embeddable":true,"href":"https:\/\/elektrit.com\/index.php?rest_route=\/wp\/v2\/users\/1"}],"replies":[{"embeddable":true,"href":"https:\/\/elektrit.com\/index.php?rest_route=%2Fwp%2Fv2%2Fcomments&post=2"}],"version-history":[{"count":88,"href":"https:\/\/elektrit.com\/index.php?rest_route=\/wp\/v2\/pages\/2\/revisions"}],"predecessor-version":[{"id":140,"href":"https:\/\/elektrit.com\/index.php?rest_route=\/wp\/v2\/pages\/2\/revisions\/140"}],"wp:attachment":[{"href":"https:\/\/elektrit.com\/index.php?rest_route=%2Fwp%2Fv2%2Fmedia&parent=2"}],"curies":[{"name":"wp","href":"https:\/\/api.w.org\/{rel}","templated":true}]}}

<style>/*! elementor - v3.19.0 - 07-02-2024 */<br />
.elementor-widget-image{text-align:center}.elementor-widget-image a{display:inline-block}.elementor-widget-image a img[src$=".svg"]{width:48px}.elementor-widget-image img{vertical-align:middle;display:inline-block}</style>
<p>										<img decoding="async" src="https://elektrit.com/wp-content/uploads/elementor/thumbs/logo-pz4wgt8izsc3zjadqi6vuomm9nag83bwug2gmrm3l8.png" title="logo" alt="logo" loading="lazy" /><br />
														<a href="https://www.linkedin.com/in/piotr-mazerewicz-b1322262/"><br />
							<img fetchpriority="high" decoding="async" width="235" height="300" src="https://elektrit.com/wp-content/uploads/2023/03/pm-235x300.jpg" alt="" srcset="https://elektrit.com/wp-content/uploads/2023/03/pm-235x300.jpg 235w, https://elektrit.com/wp-content/uploads/2023/03/pm.jpg 360w" sizes="(max-width: 235px) 100vw, 235px" />								</a></p>
<p>Firma <a href="http://vactica.com">VACTICA</a> oraz <a href="http://elektrit.com">Elektrit Technologies sp. z o. o.</a> została założona przez Piotra Mazerewicza, absolwenta fizyki technicznej Politechniki Poznańskiej z wieloletnim doświadczeniem technicznym i naukowym. Pomyślnie zrealizował duże projekty badawczo-techniczne m.in. dla przedsiębiorstwa KGHM Polska Miedź, reaktora jądrowego Maria. </p>
<p>Piotr Mazerewicz zrealizował również wiele projektów dla uczelni, instytutów i firm z całej Polski, przy współpracy z firmą <a href="https://www.uni-export.com.pl/">Uni-Export Instruments Polska</a>. Obecnie zaangażowany w modernizację kanału poziomego reaktora jądrowego Maria oraz układu ruchu detektora FPDS w CERN.</p>
<p>Absolwent <a style="background-color: #ffffff; color: #cc3366; font-size: 16px; font-weight: 400; text-align: justify;" href="https://startup.pfr.pl/pl/szkola-pionierow-pfr/">Szkoły Pionierów PFR.</a> W 2023 roku wyróżniony odznaką honorową „Za Zasługi dla Wynalazczości” przyznawaną przez Prezesa Rady Ministrów. </p>
<p>													<img decoding="async" width="293" height="49" src="https://elektrit.com/wp-content/uploads/2023/03/kontakt.jpg" alt="" />													</p>
<style>/*! elementor - v3.19.0 - 07-02-2024 */<br />
.elementor-heading-title{padding:0;margin:0;line-height:1}.elementor-widget-heading .elementor-heading-title[class*=elementor-size-]>a{color:inherit;font-size:inherit;line-height:inherit}.elementor-widget-heading .elementor-heading-title.elementor-size-small{font-size:15px}.elementor-widget-heading .elementor-heading-title.elementor-size-medium{font-size:19px}.elementor-widget-heading .elementor-heading-title.elementor-size-large{font-size:29px}.elementor-widget-heading .elementor-heading-title.elementor-size-xl{font-size:39px}.elementor-widget-heading .elementor-heading-title.elementor-size-xxl{font-size:59px}</style>
<h3>Odwiedź również nasze strony:</h3>
<p>														<a href="https://vactica.com/"><br />
							<img decoding="async" src="https://elektrit.com/wp-content/uploads/elementor/thumbs/vactica-q3i8qy1ga1397k6f6hume8txzp71ptlewrwvek8nvs.png" title="vactica" alt="vactica" loading="lazy" />								</a><br />
														<a href="https://arduinowo.pl/"><br />
							<img decoding="async" width="281" height="57" src="https://elektrit.com/wp-content/uploads/2024/02/logo-1.jpg" alt="" />								</a></p>


<p></p>

<p>Firma VACTICA oraz Elektrit Technologies sp. z o. o. została założona przez Piotra Mazerewicza, absolwenta fizyki technicznej Politechniki Poznańskiej z wieloletnim doświadczeniem technicznym i naukowym. Pomyślnie zrealizował duże projekty badawczo-techniczne m.in. dla przedsiębiorstwa KGHM Polska Miedź, reaktora jądrowego Maria.  Piotr Mazerewicz zrealizował również wiele projektów dla uczelni, instytutów i firm z całej Polski, przy współpracy</p>
<div><a class="btn-filled btn" href="https://elektrit.com/" title="Sample Page">Dowiedz się więcej</a></div>
